t is the remainder when 175 is divided by 27?
13
What is the remainder when 1183 is divided by 587?
9
Calculate the remainder when 416 is divided by 60.
56
What is the remainder when 1115 is divided by 219?
20
Calculate the remainder when 43 is divided by 7.
1
Calculate the remainder when 1344 is divided by 257.
59
What is the remainder when 6662 is divided by 17?
15
Calculate the remainder when 341 is divided by 97.
50
What is the remainder when 50 is divided by 3?
2
What is the remainder when 416 is divided by 30?
26
Calculate the remainder when 206 is divided by 53.
47
What is the remainder when 129 is divided by 36?
21
What is the remainder when 1569 is divided by 734?
101
Calculate the remainder when 121 is divided by 9.
4
Calculate the remainder when 487 is divided by 439.
48
Calculate the remainder when 159 is divided by 16.
15
What is the remainder when 656 is divided by 134?
120
What is the remainder when 333 is divided by 14?
11
Calculate the remainder when 916 is divided by 44.
36
Calculate the remainder when 213 is divided by 17.
9
Calculate the remainder when 196 is divided by 18.
16
What is the remainder when 11470 is divided by 85?
80
What is the remainder when 178 is divided by 25?
3
Calculate the remainder when 766 is divided by 32.
30
Calculate the remainder when 501 is divided by 4.
1
What is the remainder when 12 is divided by 10?
2
Calculate the remainder when 245 is divided by 64.
53
Calculate the remainder when 1257 is divided by 15.
12
What is the remainder when 1345 is divided by 1334?
11
Calculate the remainder when 958 is divided by 75.
58
Calculate the remainder when 172 is divided by 30.
22
What is the remainder when 15 is divided by 5?
0
What is the remainder when 659 is divided by 103?
41
Calculate the remainder when 648 is divided by 21.
18
Calculate the remainder when 1161 is divided by 8.
1
What is the remainder when 238 is divided by 38?
10
What is the remainder when 22 is divided by 12?
10
What is the remainder when 683 is divided by 34?
3
Calculate the remainder when 1109 is divided by 30.
29
What is the remainder when 36643 is divided by 349?
347
Calculate the remainder when 2347 is divided by 65.
7
Calculate the remainder when 200 is divided by 56.
32
What is the remainder when 2148 is divided by 705?
33
Calculate the remainder when 2531 is divided by 177.
53
What is the remainder when 10968 is divided by 177?
171
Calculate the remainder when 3641 is divided by 1209.
14
What is the remainder when 351 is divided by 31?
10
What is the remainder when 260 is divided by 1?
0
Calculate the remainder when 445 is divided by 66.
49
What is the remainder when 4651 is divided by 2325?
1
Calculate the remainder when 688 is divided by 15.
13
What is the remainder when 2016 is divided by 44?
36
What is the remainder when 728 is divided by 73?
71
Calculate the remainder when 306 is divided by 79.
69
What is the remainder when 310 is divided by 35?
30
What is the remainder when 15517 is divided by 20?
17
What is the remainder when 421 is divided by 73?
56
What is the remainder when 130 is divided by 109?
21
What is the remainder when 1232 is divided by 134?
26
What is the remainder when 81 is divided by 23?
12
Calculate the remainder when 364 is divided by 179.
6
What is the remainder when 5046 is divided by 2516?
14
What is the remainder when 9793 is divided by 24?
1
What is the remainder when 6046 is divided by 96?
94
What is the remainder when 17744 is divided by 273?
272
Calculate the remainder when 170 is divided by 25.
20
What is the remainder when 141 is divided by 8?
5
What is the remainder when 25 is divided by 6?
1
What is the remainder when 688 is divided by 170?
8
Calculate the remainder when 427 is divided by 86.
83
Calculate the remainder when 1912 is divided by 118.
24
Calculate the remainder when 22384 is divided by 273.
271
Calculate the remainder when 209 is divided by 77.
55
Calculate the remainder when 200 is divided by 42.
32
Calculate the remainder when 250 is divided by 119.
12
Calculate the remainder when 494 is divided by 31.
29
What is the remainder when 517 is divided by 9?
4
Calculate the remainder when 93 is divided by 2.
1
Calculate the remainder when 4296 is divided by 16.
8
What is the remainder when 821 is divided by 23?
16
Calculate the remainder when 828 is divided by 16.
12
What is the remainder when 208 is divided by 12?
4
What is the remainder when 46 is divided by 22?
2
What is the remainder when 22657 is divided by 273?
271
What is the remainder when 41 is divided by 36?
5
What is the remainder when 944 is divided by 25?
19
What is the remainder when 32 is divided by 13?
6
Calculate the remainder when 523 is divided by 131.
130
What is the remainder when 2065 is divided by 39?
37
Calculate the remainder when 1169 is divided by 84.
77
What is the remainder when 1652 is divided by 76?
56
What is the remainder when 1285 is divided by 302?
77
Calculate the remainder when 375 is divided by 124.
3
What is the remainder when 978 is divided by 123?
117
What is the remainder when 1234 is divided by 69?
61
Calculate the remainder when 92 is divided by 32.
28
Calculate the remainder when 4349 is divided by 4344.
5
What is the remainder when 2229 is divided by 43?
36
What is the remainder when 525 is divided by 174?
3
Calculate the remainder when 2274 is divided by 554.
58
Calculate the remainder when 182 is divided by 70.
42
Calculate the remainder when 176 is divided by 44.
0
What is the remainder when 668 is divided by 166?
4
Calculate the remainder when 343 is divided by 177.
166
Calculate the remainder when 483 is divided by 81.
78
What is the remainder when 207 is divided by 52?
51
What is the remainder when 4214 is divided by 24?
14
What is the remainder when 6335 is divided by 18?
17
Calculate the remainder when 83 is divided by 44.
39
Calculate the remainder when 14638 is divided by 80.
78
Calculate the remainder when 1048 is divided by 132.
124
Calculate the remainder when 59 is divided by 21.
17
Calculate the remainder when 1052 is divided by 62.
60
What is the remainder when 156 is divided by 32?
28
What is the remainder when 20 is divided by 14?
6
Calculate the remainder when 137 is divided by 85.
52
Calculate the remainder when 168 is divided by 25.
18
What is the remainder when 383 is divided by 36?
23
What is the remainder when 229 is divided by 46?
45
What is the remainder when 141 is divided by 21?
15
What is the remainder when 235 is divided by 109?
17
Calculate the remainder when 2551 is divided by 116.
115
Calculate the remainder when 499 is divided by 170.
159
Calculate the remainder when 108 is divided by 23.
16
What is the remainder when 128 is divided by 5?
3
Calculate the remainder when 307 is divided by 87.
46
What is the remainder when 1923 is divided by 34?
19
Calculate the remainder when 40 is divided by 7.
5
Calculate the remainder when 382 is divided by 103.
73
What is the remainder when 70 is divided by 18?
16
What is the remainder when 371 is divided by 102?
65
What is the remainder when 1272 is divided by 98?
96
What is the remainder when 123 is divided by 6?
3
What is the remainder when 1972 is divided by 52?
48
What is the remainder when 119 is divided by 25?
19
Calculate the remainder when 1033 is divided by 14.
11
Calculate the remainder when 1249 is divided by 5.
4
What is the remainder when 617 is divided by 64?
41
Calculate the remainder when 2810 is divided by 20.
10
Calculate the remainder when 2643 is divided by 524.
23
Calculate the remainder when 56 is divided by 31.
25
Calculate the remainder when 2630 is divided by 4.
2
Calculate the remainder when 13 is divided by 6.
1
Calculate the remainder when 1151 is divided by 36.
35
What is the remainder when 2749 is divided by 212?
205
What is the remainder when 488 is divided by 79?
14
What is the remainder when 11899 is divided by 96?
91
Calculate the remainder when 4441 is divided by 44.
41
What is the remainder when 32 is divided by 31?
1
What is the remainder when 1185 is divided by 221?
80
Calculate the remainder when 669 is divided by 42.
39
Calculate the remainder when 233 is divided by 17.
12
What is the remainder when 63 is divided by 10?
3
What is the remainder when 9141 is divided by 17